omposite?
True
Is 52667 prime?
True
Is 32183 a composite number?
False
Is 6319 prime?
False
Is 173909 a composite number?
False
Is 706243 prime?
False
Is 110491 a prime number?
True
Is 3449 a composite number?
False
Is 79583 composite?
True
Is 4907 prime?
False
Is 8609 a composite number?
False
Is 390541 a prime number?
False
Is 13349 a composite number?
True
Is 65597 prime?
False
Is 59117 a composite number?
True
Is 526259 a composite number?
True
Is 403537 a prime number?
True
Is 22829 composite?
True
Is 72109 a composite number?
False
Is 18617 a prime number?
True
Is 781 composite?
True
Is 237 a prime number?
False
Is 187463 composite?
False
Is 109807 a prime number?
True
Is 2481239 a composite number?
False
Is 264301 a composite number?
False
Is 396277 a prime number?
False
Is 1011 a prime number?
False
Is 84401 a prime number?
True
Is 4373 prime?
True
Is 8881 a prime number?
False
Is 60209 composite?
False
Is 1399 a composite number?
False
Is 15451 a composite number?
False
Is 31957 composite?
False
Is 11537 composite?
True
Is 32722 a prime number?
False
Is 96961 composite?
True
Is 557 composite?
False
Is 10118 composite?
True
Is 366617 a prime number?
False
Is 74755 a prime number?
False
Is 1777 a composite number?
False
Is 101627 a composite number?
False
Is 55523 a composite number?
True
Is 42605 prime?
False
Is 117911 a composite number?
False
Is 3049 composite?
False
Is 7555 a composite number?
True
Is 383609 a prime number?
True
Is 202021 prime?
True
Is 18077 prime?
True
Is 269473 prime?
True
Is 9181 a prime number?
True
Is 2181 prime?
False
Is 39557 prime?
False
Is 170303 composite?
True
Is 6779 a composite number?
False
Is 36061 a prime number?
True
Is 142151 composite?
False
Is 124649 a prime number?
False
Is 248803 composite?
True
Is 329 a prime number?
False
Is 436801 a prime number?
True
Is 601123 composite?
True
Is 46559 composite?
False
Is 32999 a prime number?
True
Is 25189 prime?
True
Is 97771 a composite number?
False
Is 152309 prime?
False
Is 11273 composite?
False
Is 153899 a composite number?
True
Is 16381 prime?
True
Is 2993 a composite number?
True
Is 172189 a composite number?
True
Is 28173 a prime number?
False
Is 296443 a prime number?
False
Is 16309 prime?
False
Is 99329 composite?
True
Is 633359 prime?
True
Is 16706 a prime number?
False
Is 3571 a composite number?
False
Is 589385 a prime number?
False
Is 19571 prime?
True
Is 4303 prime?
False
Is 115883 a composite number?
False
Is 838 composite?
True
Is 669299 a composite number?
True
Is 25523 a prime number?
True
Is 118021 a prime number?
False
Is 801179 composite?
False
Is 106127 prime?
False
Is 507379 composite?
True
Is 1151 a prime number?
True
Is 2053 a prime number?
True
Is 172709 a prime number?
True
Is 9851 composite?
False
Is 26002 a composite number?
True
Is 1882 prime?
False
Is 108227 composite?
True
Is 93809 a prime number?
True
Is 517 prime?
False
Is 2503 a prime number?
True
Is 338981 a composite number?
True
Is 5435 prime?
False
Is 508327 a prime number?
True
Is 188777 prime?
False
Is 10705 prime?
False
Is 25153 composite?
False
Is 7681 a composite number?
False
Is 252313 prime?
True
Is 22921 a prime number?
True
Is 9661 a composite number?
False
Is 181099 prime?
False
Is 107567 a prime number?
False
Is 150679 prime?
False
Is 93317 prime?
False
Is 279299 a composite number?
True
Is 70037 prime?
False
Is 358723 prime?
True
Is 1507 a prime number?
False
Is 32869 a prime number?
True
Is 1665739 a composite number?
True
Is 505357 a prime number?
True
Is 3313 composite?
False
Is 72493 a prime number?
True
Is 296797 composite?
False
Is 6283 a prime number?
False
Is 85997 a composite number?
True
Is 273253 prime?
True
Is 30183 a composite number?
True
Is 45403 a prime number?
True
Is 42193 a composite number?
False
Is 70289 a composite number?
False
Is 431993 a composite number?
False
Is 21529 composite?
False
Is 122 prime?
False
Is 135151 a prime number?
True
Is 37397 a prime number?
True
Is 133357 prime?
False
Is 265 composite?
True
Is 13519 prime?
False
Is 96947 a prime number?
False
Is 263379 a composite number?
True
Is 52373 composite?
True
Is 285977 a composite number?
False
Is 1087 a composite number?
False
Is 3557 a composite number?
False
Is 42857 prime?
False
Is 54823 composite?
True
Is 492227 prime?
True
Is 16271 composite?
True
Is 3161 a composite number?
True
Is 1255 composite?
True
Is 342957 a composite number?
True
Is 110347 a composite number?
True
Is 137834 a prime number?
False
Is 83299 prime?
True
Is 365945 a composite number?
True
Is 175645 composite?
True
Is 1973 prime?
True
Is 365 prime?
False
Is 1217 a prime number?
True
Is 8461 a composite number?
False
Is 27397 composite?
False
Is 79423 composite?
False
Is 81611 prime?
True
Is 154549 composite?
True
Is 3031 composite?
True
Is 222767 composite?
True
Is 84359 prime?
False
Is 4781 prime?
False
Is 2129 a prime number?
True
Is 79571 prime?
False
Is 2965879 composite?
True
Is 1478 composite?
True
Is 6469 prime?
True
Is 699349 a prime number?
False
Is 260251 a composite number?
True
Is 41639 a prime number?
False
Is 128663 prime?
True
Is 4387 a prime number?
False
Is 293 prime?
True
Is 1516709 a prime number?
True
Is 4169 a composite number?
True
Is 5519 a prime number?
True
Is 240073 composite?
False
Is 105313 a prime number?
False
Is 73121 a prime number?
True
Is 67919 composite?
True
Is 4981 composite?
True
Is 16519 prime?
True
Is 1557014 a composite number?
True
Is 162187 composite?
True
Is 71387 a composite number?
False
Is 588811 composite?
False
Is 2095 a composite number?
True
Is 26242 a composite number?
True
Is 77951 composite?
False
Is 254051 a composite number?
True
Is 100433 composite?
True
Is 184645 a composite number?
True
Is 35 composite?
True
Is 4391 composite?
False
Is 96353 a prime number?
True
Is 1735 a composite number?
True
Is 54241 a prime number?
False
Is 3845 prime?
False
Is 49109 a composite number?
False
Is 70289 prime?
True
Is 19889 prime?
True
Is 78391 prime?
False
Is 227987 composite?
True
Is 1672435 composite?
True
Is 418429 a composite number?
True
Is 3901 a composite number?
True
Is 460673 composite?
False
Is 26661 a composite number?
True
Is 44477 a composite number?
True
Is 12689 composite?
False
Is 99059 composite?
True
Is 33287 a prime number?
True
Is 177673 prime?
False
Is 305429 a prime number?
False
Is 259771 prime?
True
Is 1657 a prime number?
True
Is 61186 a prime number?
False
Is 694721 prime?
True
Is 90409 composite?
True
Is 99622 a prime number?
False
Is 256639 a prime number?
True
Is 5711 prime?
True
Is 21479 composite?
True
Is 20477 a composite number?
False
Is 39281 prime?
False
Is 285343 prime?
True
Is 2181365 a composite number?
True
Is 31681 a prime number?
False
Is 39947 composite?
True
Is 753481 prime?
False
Is 307817 a prime number?
True
Is 271289 a composite number?
False
Is 12007 composite?
False
Is 1507 composite?
True
Is 76649 prime?
True
Is 5297 a composite number?
False
Is 6338 composite?
True
Is 1006331 a composite number?
False
Is 69677 prime?
True
Is 384869 a composite number?
True
Is 105373 prime?
True
Is 1483 a prime number?
True
Is 2935 prime?
False
Is 5435 a prime number?
False
Is 8849 prime?
True
Is 11269 composite?
True
Is 1158233 a prime number?
False
Is 1819 composite?
True
Is 18113 a prime number?
False
Is 708893 a prime number?
True
Is 29833 a prime number?
True
Is 22463 a prime number?
False
Is 1980863 prime?
True
Is 39761 composite?
False
Is 4443 a composite number?
True
Is 307187 composite?
False
Is 4513 a composite number?
False
Is 541 composite?
False
Is 3353 a prime number?
False
Is 1304659 a prime number?
True
Is 1124219 a composite number?
False
Is 380777 prime?
True
Is 646007 a composite number?
True
Is 487561 composite?
False
Is 71693 composite?
False
Is 403849 composite?
False
Is 58537 composite?
False
Is 4907 a prime number?
False
Is 54211 prime?
False
Is 6389 a composite number?
False
Is 17859 a prime number?
False
Is 713918 a composite number?
True
Is 273857 a prime number?
True
Is 25503 a prime number?
False
Is 5305 a prime number?
False
Is 47131 a prime number?
False
Is 344039 a composite number?
False
Is 50639 a composite number?
True
Is 296909 a prime number?
True
Is 75479 a composite number